{"id":1578,"date":"2021-12-08T00:33:25","date_gmt":"2021-12-07T22:33:25","guid":{"rendered":"https:\/\/web01.hsworks.fi\/~milestonefi\/?page_id=1578"},"modified":"2021-12-09T02:35:35","modified_gmt":"2021-12-09T00:35:35","slug":"miledrive-tiedolla-tuloksiin","status":"publish","type":"page","link":"https:\/\/web01.hsworks.fi\/~milestonefi\/miledrive-tiedolla-tuloksiin\/","title":{"rendered":"Miledrive &#8211; tiedolla tuloksiin"},"content":{"rendered":"\t\t<div data-elementor-type=\"wp-page\" data-elementor-id=\"1578\" class=\"elementor elementor-1578\" data-elementor-settings=\"[]\">\n\t\t\t\t\t\t\t<div class=\"elementor-section-wrap\">\n\t\t\t\t\t\t\t<section class=\"elementor-section elementor-top-section elementor-element elementor-element-077a36a elementor-section-boxed elementor-section-height-default elementor-section-height-default\" data-id=\"077a36a\" data-element_type=\"section\" data-settings=\"{&quot;background_background&quot;:&quot;classic&quot;}\">\n\t\t\t\t\t\t\t<div class=\"elementor-background-overlay\"><\/div>\n\t\t\t\t\t\t\t<div class=\"elementor-container elementor-column-gap-default\">\n\t\t\t\t\t<div class=\"elementor-column elementor-col-100 elementor-top-column elementor-element elementor-element-99be1ab\" data-id=\"99be1ab\" data-element_type=\"column\">\n\t\t\t<div class=\"elementor-widget-wrap elementor-element-populated\">\n\t\t\t\t\t\t\t\t<div class=\"elementor-element elementor-element-fa7a40c elementor-widget elementor-widget-heading\" data-id=\"fa7a40c\" data-element_type=\"widget\" data-widget_type=\"heading.default\">\n\t\t\t\t<div class=\"elementor-widget-container\">\n\t\t\t<h2 class=\"elementor-heading-title elementor-size-default\">Miledrive - tiedolla tuloksiin <\/h2>\t\t<\/div>\n\t\t\t\t<\/div>\n\t\t\t\t\t<\/div>\n\t\t<\/div>\n\t\t\t\t\t\t\t<\/div>\n\t\t<\/section>\n\t\t\t\t<section class=\"elementor-section elementor-top-section elementor-element elementor-element-b0b55c8 elementor-section-boxed elementor-section-height-default elementor-section-height-default\" data-id=\"b0b55c8\" data-element_type=\"section\" data-settings=\"{&quot;background_background&quot;:&quot;classic&quot;}\">\n\t\t\t\t\t\t<div class=\"elementor-container elementor-column-gap-default\">\n\t\t\t\t\t<div class=\"elementor-column elementor-col-100 elementor-top-column elementor-element elementor-element-30ebc76\" data-id=\"30ebc76\" data-element_type=\"column\">\n\t\t\t<div class=\"elementor-widget-wrap elementor-element-populated\">\n\t\t\t\t\t\t\t\t<div class=\"elementor-element elementor-element-966d0c0 elementor-widget elementor-widget-text-editor\" data-id=\"966d0c0\" data-element_type=\"widget\" data-widget_type=\"text-editor.default\">\n\t\t\t\t<div class=\"elementor-widget-container\">\n\t\t\t\t\t\t\t<p>\u201dKulttuuri kaataa yrityksi\u00e4, pit\u00e4\u00e4 ne voittoputkessa tai tekee niist\u00e4 voimaisia muutokselle. Jotta yrityksen kulttuuria voisi muotoilla parempaan, tulee tiet\u00e4\u00e4 miss\u00e4 ollaan juuri nyt, ja mihin halutaan yhdess\u00e4 menn\u00e4.\u201d<\/p><p>Yrityskulttuuria joko kehitet\u00e4\u00e4n tai se kehittyy (Alaotsikko)<br \/>Yrityskulttuuri ei ole itsess\u00e4\u00e4n hyv\u00e4 tai huono. Kulttuuria tulee aina tarkastella suhteessa yrityksen strategiaan: Mit\u00e4 halutaan yhdess\u00e4 saada aikaiseksi, miten ja mihin suuntaan halutaan yhdess\u00e4 kulkea? Jokaisen organisaation kulttuurissa on my\u00f6s hiljainen oletus, kuin kuiskaus siit\u00e4, mit\u00e4 t\u00e4\u00e4ll\u00e4 ajatellaan ihmisest\u00e4. Yrityskulttuuriin muotoutunut k\u00e4sitys ihmisest\u00e4 taas voi olla hyv\u00e4 tai huonompi: se joko est\u00e4\u00e4 tai vapauttaa ihmisen koko potentiaalin toimintaan.\u00a0<\/p><p>Miledrive on palvelu, joka tekee n\u00e4kyv\u00e4ksi, miten ihmisten koko potentiaali on k\u00e4yt\u00f6ss\u00e4 organisaatiossa. Miledrive huomio ihmisyyden yrityskulttuurin kehitt\u00e4misess\u00e4 ainutlaatuisella tavalla ja tarjoaa tiimitasoisia, konkreettisia sek\u00e4 strategian toteutumista edist\u00e4vi\u00e4 ehdotuksia yrityksesi kulttuurin kehitt\u00e4miseen.\u00a0<\/p><p>Kohderyhm\u00e4: Koko organisaatio<br \/>Hankkeen kesto: Noin nelj\u00e4 viikkoa<br \/>Hinta: Alkaen 4 500\u20ac<\/p>\t\t\t\t\t\t<\/div>\n\t\t\t\t<\/div>\n\t\t\t\t<div class=\"elementor-element elementor-element-32e5405 elementor-align-left elementor-widget elementor-widget-button\" data-id=\"32e5405\" data-element_type=\"widget\" data-widget_type=\"button.default\">\n\t\t\t\t<div class=\"elementor-widget-container\">\n\t\t\t\t\t<div class=\"elementor-button-wrapper\">\n\t\t\t<a href=\"https:\/\/web01.hsworks.fi\/~milestonefi\/yhteystiedot\/\" class=\"elementor-button-link elementor-button elementor-size-sm\" role=\"button\">\n\t\t\t\t\t\t<span class=\"elementor-button-content-wrapper\">\n\t\t\t\t\t\t<span class=\"elementor-button-text\">Varaa esittely<\/span>\n\t\t<\/span>\n\t\t\t\t\t<\/a>\n\t\t<\/div>\n\t\t\t\t<\/div>\n\t\t\t\t<\/div>\n\t\t\t\t\t<\/div>\n\t\t<\/div>\n\t\t\t\t\t\t\t<\/div>\n\t\t<\/section>\n\t\t\t\t\t\t<\/div>\n\t\t\t\t\t<\/div>\n\t\t","protected":false},"excerpt":{"rendered":"<p>Miledrive &#8211; tiedolla tuloksiin \u201dKulttuuri kaataa yrityksi\u00e4, pit\u00e4\u00e4 ne voittoputkessa tai tekee niist\u00e4 voimaisia muutokselle. Jotta yrityksen kulttuuria voisi muotoilla parempaan, tulee tiet\u00e4\u00e4 miss\u00e4 ollaan juuri nyt, ja mihin halutaan yhdess\u00e4 menn\u00e4.\u201d Yrityskulttuuria joko kehitet\u00e4\u00e4n tai se kehittyy (Alaotsikko)Yrityskulttuuri ei ole itsess\u00e4\u00e4n hyv\u00e4 tai huono. Kulttuuria tulee aina tarkastella suhteessa yrityksen strategiaan: Mit\u00e4 halutaan yhdess\u00e4 [&hellip;]<\/p>\n","protected":false},"author":42,"featured_media":0,"parent":0,"menu_order":0,"comment_status":"closed","ping_status":"closed","template":"elementor_header_footer","meta":[],"yoast_head":"<!-- This site is optimized with the Yoast SEO plugin v15.0 - https:\/\/yoast.com\/wordpress\/plugins\/seo\/ -->\n<title>Miledrive - tiedolla tuloksiin | Milestone<\/title>\n<meta name=\"robots\" content=\"index, follow, max-snippet:-1, max-image-preview:large, max-video-preview:-1\" \/>\n<link rel=\"canonical\" href=\"https:\/\/web01.hsworks.fi\/~milestonefi\/miledrive-tiedolla-tuloksiin\/\" \/>\n<meta property=\"og:locale\" content=\"fi_FI\" \/>\n<meta property=\"og:type\" content=\"article\" \/>\n<meta property=\"og:title\" content=\"Miledrive - tiedolla tuloksiin | Milestone\" \/>\n<meta property=\"og:description\" content=\"Miledrive &#8211; tiedolla tuloksiin \u201dKulttuuri kaataa yrityksi\u00e4, pit\u00e4\u00e4 ne voittoputkessa tai tekee niist\u00e4 voimaisia muutokselle. Jotta yrityksen kulttuuria voisi muotoilla parempaan, tulee tiet\u00e4\u00e4 miss\u00e4 ollaan juuri nyt, ja mihin halutaan yhdess\u00e4 menn\u00e4.\u201d Yrityskulttuuria joko kehitet\u00e4\u00e4n tai se kehittyy (Alaotsikko)Yrityskulttuuri ei ole itsess\u00e4\u00e4n hyv\u00e4 tai huono. Kulttuuria tulee aina tarkastella suhteessa yrityksen strategiaan: Mit\u00e4 halutaan yhdess\u00e4 [&hellip;]\" \/>\n<meta property=\"og:url\" content=\"https:\/\/web01.hsworks.fi\/~milestonefi\/miledrive-tiedolla-tuloksiin\/\" \/>\n<meta property=\"og:site_name\" content=\"Milestone\" \/>\n<meta property=\"article:modified_time\" content=\"2021-12-09T00:35:35+00:00\" \/>\n<meta name=\"twitter:card\" content=\"summary_large_image\" \/>\n<script type=\"application\/ld+json\" class=\"yoast-schema-graph\">{\"@context\":\"https:\/\/schema.org\",\"@graph\":[{\"@type\":\"Organization\",\"@id\":\"https:\/\/web01.hsworks.fi\/~milestonefi\/#organization\",\"name\":\"Milestone\",\"url\":\"https:\/\/web01.hsworks.fi\/~milestonefi\/\",\"sameAs\":[],\"logo\":{\"@type\":\"ImageObject\",\"@id\":\"https:\/\/web01.hsworks.fi\/~milestonefi\/#logo\",\"inLanguage\":\"fi\",\"url\":\"https:\/\/web01.hsworks.fi\/~milestonefi\/wp-content\/uploads\/milestone-logo-black.png\",\"width\":548,\"height\":354,\"caption\":\"Milestone\"},\"image\":{\"@id\":\"https:\/\/web01.hsworks.fi\/~milestonefi\/#logo\"}},{\"@type\":\"WebSite\",\"@id\":\"https:\/\/web01.hsworks.fi\/~milestonefi\/#website\",\"url\":\"https:\/\/web01.hsworks.fi\/~milestonefi\/\",\"name\":\"Milestone\",\"description\":\"Yrityskulttuurin muotoilutoimisto\",\"publisher\":{\"@id\":\"https:\/\/web01.hsworks.fi\/~milestonefi\/#organization\"},\"potentialAction\":[{\"@type\":\"SearchAction\",\"target\":\"https:\/\/web01.hsworks.fi\/~milestonefi\/?s={search_term_string}\",\"query-input\":\"required name=search_term_string\"}],\"inLanguage\":\"fi\"},{\"@type\":\"WebPage\",\"@id\":\"https:\/\/web01.hsworks.fi\/~milestonefi\/miledrive-tiedolla-tuloksiin\/#webpage\",\"url\":\"https:\/\/web01.hsworks.fi\/~milestonefi\/miledrive-tiedolla-tuloksiin\/\",\"name\":\"Miledrive - tiedolla tuloksiin | Milestone\",\"isPartOf\":{\"@id\":\"https:\/\/web01.hsworks.fi\/~milestonefi\/#website\"},\"datePublished\":\"2021-12-07T22:33:25+00:00\",\"dateModified\":\"2021-12-09T00:35:35+00:00\",\"inLanguage\":\"fi\",\"potentialAction\":[{\"@type\":\"ReadAction\",\"target\":[\"https:\/\/web01.hsworks.fi\/~milestonefi\/miledrive-tiedolla-tuloksiin\/\"]}]}]}<\/script>\n<!-- \/ Yoast SEO plugin. -->","_links":{"self":[{"href":"https:\/\/web01.hsworks.fi\/~milestonefi\/wp-json\/wp\/v2\/pages\/1578"}],"collection":[{"href":"https:\/\/web01.hsworks.fi\/~milestonefi\/wp-json\/wp\/v2\/pages"}],"about":[{"href":"https:\/\/web01.hsworks.fi\/~milestonefi\/wp-json\/wp\/v2\/types\/page"}],"author":[{"embeddable":true,"href":"https:\/\/web01.hsworks.fi\/~milestonefi\/wp-json\/wp\/v2\/users\/42"}],"replies":[{"embeddable":true,"href":"https:\/\/web01.hsworks.fi\/~milestonefi\/wp-json\/wp\/v2\/comments?post=1578"}],"version-history":[{"count":11,"href":"https:\/\/web01.hsworks.fi\/~milestonefi\/wp-json\/wp\/v2\/pages\/1578\/revisions"}],"predecessor-version":[{"id":1798,"href":"https:\/\/web01.hsworks.fi\/~milestonefi\/wp-json\/wp\/v2\/pages\/1578\/revisions\/1798"}],"wp:attachment":[{"href":"https:\/\/web01.hsworks.fi\/~milestonefi\/wp-json\/wp\/v2\/media?parent=1578"}],"curies":[{"name":"wp","href":"https:\/\/api.w.org\/{rel}","templated":true}]}}