{"id":1585,"date":"2021-12-03T08:19:16","date_gmt":"2021-12-03T06:19:16","guid":{"rendered":"https:\/\/web01.hsworks.fi\/~milestonefi\/?page_id=1585"},"modified":"2021-12-09T02:36:35","modified_gmt":"2021-12-09T00:36:35","slug":"strateginen-johtoryhman-kehittaminen","status":"publish","type":"page","link":"https:\/\/web01.hsworks.fi\/~milestonefi\/strateginen-johtoryhman-kehittaminen\/","title":{"rendered":"Strateginen johtoryhm\u00e4n kehitt\u00e4minen"},"content":{"rendered":"\t\t<div data-elementor-type=\"wp-page\" data-elementor-id=\"1585\" class=\"elementor elementor-1585\" data-elementor-settings=\"[]\">\n\t\t\t\t\t\t\t<div class=\"elementor-section-wrap\">\n\t\t\t\t\t\t\t<section class=\"elementor-section elementor-top-section elementor-element elementor-element-077a36a elementor-section-boxed elementor-section-height-default elementor-section-height-default\" data-id=\"077a36a\" data-element_type=\"section\" data-settings=\"{&quot;background_background&quot;:&quot;classic&quot;}\">\n\t\t\t\t\t\t\t<div class=\"elementor-background-overlay\"><\/div>\n\t\t\t\t\t\t\t<div class=\"elementor-container elementor-column-gap-default\">\n\t\t\t\t\t<div class=\"elementor-column elementor-col-100 elementor-top-column elementor-element elementor-element-99be1ab\" data-id=\"99be1ab\" data-element_type=\"column\">\n\t\t\t<div class=\"elementor-widget-wrap elementor-element-populated\">\n\t\t\t\t\t\t\t\t<div class=\"elementor-element elementor-element-fa7a40c elementor-widget elementor-widget-heading\" data-id=\"fa7a40c\" data-element_type=\"widget\" data-widget_type=\"heading.default\">\n\t\t\t\t<div class=\"elementor-widget-container\">\n\t\t\t<h2 class=\"elementor-heading-title elementor-size-default\">Strateginen johtoryhm\u00e4n kehitt\u00e4minen <\/h2>\t\t<\/div>\n\t\t\t\t<\/div>\n\t\t\t\t\t<\/div>\n\t\t<\/div>\n\t\t\t\t\t\t\t<\/div>\n\t\t<\/section>\n\t\t\t\t<section class=\"elementor-section elementor-top-section elementor-element elementor-element-b0b55c8 elementor-section-boxed elementor-section-height-default elementor-section-height-default\" data-id=\"b0b55c8\" data-element_type=\"section\" data-settings=\"{&quot;background_background&quot;:&quot;classic&quot;}\">\n\t\t\t\t\t\t<div class=\"elementor-container elementor-column-gap-default\">\n\t\t\t\t\t<div class=\"elementor-column elementor-col-100 elementor-top-column elementor-element elementor-element-30ebc76\" data-id=\"30ebc76\" data-element_type=\"column\">\n\t\t\t<div class=\"elementor-widget-wrap elementor-element-populated\">\n\t\t\t\t\t\t\t\t<div class=\"elementor-element elementor-element-966d0c0 elementor-widget elementor-widget-text-editor\" data-id=\"966d0c0\" data-element_type=\"widget\" data-widget_type=\"text-editor.default\">\n\t\t\t\t<div class=\"elementor-widget-container\">\n\t\t\t\t\t\t\t<p>Onko johtoryhm\u00e4nne todellinen huipputiimi, jossa kaikki ovat sitoutuneita yhteisen tavoitteen edist\u00e4miseen ja toinen toisensa tilivelvollisena pit\u00e4miseen?\u00a0<\/p><p>100 % luottamukseen perustuvan johtoryhm\u00e4n ty\u00f6skentely vaati pys\u00e4htymist\u00e4 yhdess\u00e4 ryhm\u00e4n\u00e4 ja suunnitelmallista kehitt\u00e4mist\u00e4 luottamuksen, sitoutumisen ja tilivelvollisuuden osalta. Huipputiimiss\u00e4 luotetaan toisiin ja ollaan aidosti auki ja rehellisi\u00e4, antaudutaan konfliktiin, sitoudutaan p\u00e4\u00e4t\u00f6ksiin ja pidet\u00e4\u00e4n jokainen vastuullisina tuloksista. Johdon esimerkill\u00e4 ja sitoutumisella on suuri rooli liiketoiminnan menestymisess\u00e4. Oletko valmis muuttumaan ja johtamaan esimerkill\u00e4?\u00a0<\/p><p>Ota meihin yhteytt\u00e4, jos haluat varmistaa, ett\u00e4 johtoryhm\u00e4nne toimii kuin huipputiimi, jossa kaikki ovat sitoutuneita yhteisten tavoitteiden saavuttamiseen, toinen toisensa tilivelvollisena pit\u00e4miseen sek\u00e4 vaikeidenkin asioiden perinpohjaiseen l\u00e4pik\u00e4ymiseen!\u00a0<\/p><p>Kohderyhm\u00e4: Johtoryhm\u00e4<br \/>Hankkeen kesto: Noin kuusi kuukautta<br \/>Aikainvestointi\/henkil\u00f6: 4 p\u00e4iv\u00e4\u00e4 + digitaalinen ty\u00f6skentely<br \/>Hinta: alkaen 18 800\u20ac + alv.<\/p>\t\t\t\t\t\t<\/div>\n\t\t\t\t<\/div>\n\t\t\t\t<div class=\"elementor-element elementor-element-32e5405 elementor-align-left elementor-widget elementor-widget-button\" data-id=\"32e5405\" data-element_type=\"widget\" data-widget_type=\"button.default\">\n\t\t\t\t<div class=\"elementor-widget-container\">\n\t\t\t\t\t<div class=\"elementor-button-wrapper\">\n\t\t\t<a href=\"https:\/\/web01.hsworks.fi\/~milestonefi\/yhteystiedot\/\" class=\"elementor-button-link elementor-button elementor-size-sm\" role=\"button\">\n\t\t\t\t\t\t<span class=\"elementor-button-content-wrapper\">\n\t\t\t\t\t\t<span class=\"elementor-button-text\">Varaa esittely<\/span>\n\t\t<\/span>\n\t\t\t\t\t<\/a>\n\t\t<\/div>\n\t\t\t\t<\/div>\n\t\t\t\t<\/div>\n\t\t\t\t\t<\/div>\n\t\t<\/div>\n\t\t\t\t\t\t\t<\/div>\n\t\t<\/section>\n\t\t\t\t\t\t<\/div>\n\t\t\t\t\t<\/div>\n\t\t","protected":false},"excerpt":{"rendered":"<p>Strateginen johtoryhm\u00e4n kehitt\u00e4minen Onko johtoryhm\u00e4nne todellinen huipputiimi, jossa kaikki ovat sitoutuneita yhteisen tavoitteen edist\u00e4miseen ja toinen toisensa tilivelvollisena pit\u00e4miseen?\u00a0 100 % luottamukseen perustuvan johtoryhm\u00e4n ty\u00f6skentely vaati pys\u00e4htymist\u00e4 yhdess\u00e4 ryhm\u00e4n\u00e4 ja suunnitelmallista kehitt\u00e4mist\u00e4 luottamuksen, sitoutumisen ja tilivelvollisuuden osalta. Huipputiimiss\u00e4 luotetaan toisiin ja ollaan aidosti auki ja rehellisi\u00e4, antaudutaan konfliktiin, sitoudutaan p\u00e4\u00e4t\u00f6ksiin ja pidet\u00e4\u00e4n jokainen vastuullisina tuloksista. [&hellip;]<\/p>\n","protected":false},"author":42,"featured_media":0,"parent":0,"menu_order":0,"comment_status":"closed","ping_status":"closed","template":"elementor_header_footer","meta":[],"yoast_head":"<!-- This site is optimized with the Yoast SEO plugin v15.0 - https:\/\/yoast.com\/wordpress\/plugins\/seo\/ -->\n<title>Strateginen johtoryhm\u00e4n kehitt\u00e4minen | Milestone<\/title>\n<meta name=\"robots\" content=\"index, follow, max-snippet:-1, max-image-preview:large, max-video-preview:-1\" \/>\n<link rel=\"canonical\" href=\"https:\/\/web01.hsworks.fi\/~milestonefi\/strateginen-johtoryhman-kehittaminen\/\" \/>\n<meta property=\"og:locale\" content=\"fi_FI\" \/>\n<meta property=\"og:type\" content=\"article\" \/>\n<meta property=\"og:title\" content=\"Strateginen johtoryhm\u00e4n kehitt\u00e4minen | Milestone\" \/>\n<meta property=\"og:description\" content=\"Strateginen johtoryhm\u00e4n kehitt\u00e4minen Onko johtoryhm\u00e4nne todellinen huipputiimi, jossa kaikki ovat sitoutuneita yhteisen tavoitteen edist\u00e4miseen ja toinen toisensa tilivelvollisena pit\u00e4miseen?\u00a0 100 % luottamukseen perustuvan johtoryhm\u00e4n ty\u00f6skentely vaati pys\u00e4htymist\u00e4 yhdess\u00e4 ryhm\u00e4n\u00e4 ja suunnitelmallista kehitt\u00e4mist\u00e4 luottamuksen, sitoutumisen ja tilivelvollisuuden osalta. Huipputiimiss\u00e4 luotetaan toisiin ja ollaan aidosti auki ja rehellisi\u00e4, antaudutaan konfliktiin, sitoudutaan p\u00e4\u00e4t\u00f6ksiin ja pidet\u00e4\u00e4n jokainen vastuullisina tuloksista. [&hellip;]\" \/>\n<meta property=\"og:url\" content=\"https:\/\/web01.hsworks.fi\/~milestonefi\/strateginen-johtoryhman-kehittaminen\/\" \/>\n<meta property=\"og:site_name\" content=\"Milestone\" \/>\n<meta property=\"article:modified_time\" content=\"2021-12-09T00:36:35+00:00\" \/>\n<meta name=\"twitter:card\" content=\"summary_large_image\" \/>\n<script type=\"application\/ld+json\" class=\"yoast-schema-graph\">{\"@context\":\"https:\/\/schema.org\",\"@graph\":[{\"@type\":\"Organization\",\"@id\":\"https:\/\/web01.hsworks.fi\/~milestonefi\/#organization\",\"name\":\"Milestone\",\"url\":\"https:\/\/web01.hsworks.fi\/~milestonefi\/\",\"sameAs\":[],\"logo\":{\"@type\":\"ImageObject\",\"@id\":\"https:\/\/web01.hsworks.fi\/~milestonefi\/#logo\",\"inLanguage\":\"fi\",\"url\":\"https:\/\/web01.hsworks.fi\/~milestonefi\/wp-content\/uploads\/milestone-logo-black.png\",\"width\":548,\"height\":354,\"caption\":\"Milestone\"},\"image\":{\"@id\":\"https:\/\/web01.hsworks.fi\/~milestonefi\/#logo\"}},{\"@type\":\"WebSite\",\"@id\":\"https:\/\/web01.hsworks.fi\/~milestonefi\/#website\",\"url\":\"https:\/\/web01.hsworks.fi\/~milestonefi\/\",\"name\":\"Milestone\",\"description\":\"Yrityskulttuurin muotoilutoimisto\",\"publisher\":{\"@id\":\"https:\/\/web01.hsworks.fi\/~milestonefi\/#organization\"},\"potentialAction\":[{\"@type\":\"SearchAction\",\"target\":\"https:\/\/web01.hsworks.fi\/~milestonefi\/?s={search_term_string}\",\"query-input\":\"required name=search_term_string\"}],\"inLanguage\":\"fi\"},{\"@type\":\"WebPage\",\"@id\":\"https:\/\/web01.hsworks.fi\/~milestonefi\/strateginen-johtoryhman-kehittaminen\/#webpage\",\"url\":\"https:\/\/web01.hsworks.fi\/~milestonefi\/strateginen-johtoryhman-kehittaminen\/\",\"name\":\"Strateginen johtoryhm\\u00e4n kehitt\\u00e4minen | Milestone\",\"isPartOf\":{\"@id\":\"https:\/\/web01.hsworks.fi\/~milestonefi\/#website\"},\"datePublished\":\"2021-12-03T06:19:16+00:00\",\"dateModified\":\"2021-12-09T00:36:35+00:00\",\"inLanguage\":\"fi\",\"potentialAction\":[{\"@type\":\"ReadAction\",\"target\":[\"https:\/\/web01.hsworks.fi\/~milestonefi\/strateginen-johtoryhman-kehittaminen\/\"]}]}]}<\/script>\n<!-- \/ Yoast SEO plugin. -->","_links":{"self":[{"href":"https:\/\/web01.hsworks.fi\/~milestonefi\/wp-json\/wp\/v2\/pages\/1585"}],"collection":[{"href":"https:\/\/web01.hsworks.fi\/~milestonefi\/wp-json\/wp\/v2\/pages"}],"about":[{"href":"https:\/\/web01.hsworks.fi\/~milestonefi\/wp-json\/wp\/v2\/types\/page"}],"author":[{"embeddable":true,"href":"https:\/\/web01.hsworks.fi\/~milestonefi\/wp-json\/wp\/v2\/users\/42"}],"replies":[{"embeddable":true,"href":"https:\/\/web01.hsworks.fi\/~milestonefi\/wp-json\/wp\/v2\/comments?post=1585"}],"version-history":[{"count":11,"href":"https:\/\/web01.hsworks.fi\/~milestonefi\/wp-json\/wp\/v2\/pages\/1585\/revisions"}],"predecessor-version":[{"id":1804,"href":"https:\/\/web01.hsworks.fi\/~milestonefi\/wp-json\/wp\/v2\/pages\/1585\/revisions\/1804"}],"wp:attachment":[{"href":"https:\/\/web01.hsworks.fi\/~milestonefi\/wp-json\/wp\/v2\/media?parent=1585"}],"curies":[{"name":"wp","href":"https:\/\/api.w.org\/{rel}","templated":true}]}}